 20. Suppose 2*b + v - 67 = -0*b, u*b - v = 119. Suppose b = q + 13. List the prime factors of q.
2, 3
Let d be ((-22)/(-33))/(2/48). Let g = d + -9. What are the prime factors of g?
7
Let q = 26 + -53. Let l(s) = -s**3 - 26*s**2 + 18*s + 18. List the prime factors of l(q).
3, 29
Let n = -71 - -64. Let r = 33 - n. List the prime factors of r.
2, 5
Suppose -8495 = -5*k + 3*q, -6*k = -k + q - 8495. What are the prime factors of k?
1699
Let p be 2 + (2 - (2 - 2)). Suppose -p*b = -3*u - 579, b = -4*b + 4*u + 723. What are the prime factors of b?
3, 7
Let u be (-6)/42 - 82/14. Let c(v) = v**3 + 6*v**2 - v - 4. Let o be c(u). Suppose 0 = o*f - 0*f - 16. List the prime factors of f.
2
Let p = -29 - -34. Suppose 0 = p*c + 3*m + 352 - 948, 617 = 5*c - 4*m. What are the prime factors of c?
11
Suppose 2*g - 756 - 920 = 0. What are the prime factors of g?
2, 419
Suppose c = -2*c - 6. Let l be (1 - 2)*(-17 + c). Suppose 3*r + l - 85 = 0. List the prime factors of r.
2, 11
Let c = 3511 - 2096. What are the prime factors of c?
5, 283
Let i = 13 + 627. List the prime factors of i.
2, 5
What are the prime factors of ((-103)/2)/((-9)/90)?
5, 103
Let a be (-3 - 0)/((-4)/4). Suppose a*m + 2*m + 23500 = 0. What are the prime factors of (-4)/34 - m/68?
3, 23
Let q = 47 + -50. What are the prime factors of 14 - q*(1 - 0)?
17
Let a(j) = -50*j - 55. List the prime factors of a(-12).
5, 109
Suppose 2*i - 13 = 3*i + 4*q, 6 = 3*i - 3*q. Let c = -10 + 11. List the prime factors of 2/c + (11 - i).
2, 7
Let h(v) = -2*v + 15. Let j be h(5). What are the prime factors of 69 + 1/(j/10)?
71
Let l(j) = -19*j - 37. Let u = -73 + 68. List the prime factors of l(u).
2, 29
Let g(t) = -2*t**3 + 16*t**2 + 10*t - 3. Suppose 4*a = 3*c - 34 - 40, 0 = -2*c - 4. Let k be ((-16)/a)/(5/50). List the prime factors of g(k).
7, 11
Let s(f) = 289*f + 6. What are the prime factors of s(2)?
2, 73
Suppose -4*g - 14 = -3*q, 0 = q - 4*q - g + 4. Suppose -53 = q*j - 327. Suppose -4*n + 3*n - j = -5*r, -4*r + 118 = 2*n. What are the prime factors of r?
2, 7
Let p(i) = -14*i - 16. Suppose -36*a = -32*a - 100. Suppose 0 = -10*w + 5*w - a. List the prime factors of p(w).
2, 3
Let x be -17 - -13 - (-20)/1. Suppose 3*h = -4*y + x, 0 = -4*h + y + 7 + 8. What are the prime factors of h?
2
List the prime factors of -18*1818/81*-3.
2, 3, 101
Let u(d) be the second derivative of -d**5/20 + d**4 - 2*d**3 + 13*d**2/2 + 12*d. What are the prime factors of u(11)?
2
Let f be ((-1)/3)/((-8)/48). Suppose -f*c + c = -75. Suppose 2*z = -z + c. What are the prime factors of z?
5
Let p(r) = r**3 + 6*r**2 - 3*r + 18. Suppose 2*t + 6 = -t. Let q(a) = -1. Let d(m) = t*q(m) - p(m). List the prime factors of d(-7).
2, 3
Let f = -140 - -142. Suppose f*r - 2472 = -6*r. List the prime factors of r.
3, 103
Let w = 32 - -49. Suppose i - 34 = w. What are the prime factors of (-786)/(-10) - 69/i?
2, 3, 13
Suppose 4*s + 1762 = 6*s. What are the prime factors of s?
881
Suppose -2*s + 36 = -48. What are the prime factors of s?
2, 3, 7
Suppose -m - 3*m - 2*n + 478 = 0, 3*n - 598 = -5*m. Let f = m - 12. What are the prime factors of f?
107
Let b = -455 - -1174. What are the prime factors of b?
719
Suppose 192 = -6*s + 9*s. Suppose 4*b = 2*w - s, 5*w - 6*b + b = 145. List the prime factors of w.
2, 13
What are the prime factors of (-56)/16 + (-7585)/(-10)?
5, 151
Let f(w) = -18*w. Suppose 3 = -4*y + 5*y. Suppose 20 = -3*p + 5*i - 3, y*p = -3*i + 9. What are the prime factors of f(p)?
2, 3
Let s = 571 - 105. List the prime factors of s.
2, 233
Let s(d) = 30*d**2 - 5*d - 12. What are the prime factors of s(-4)?
2, 61
Suppose -4*h = -h - 15. Suppose a = g - 114 - 222, h*g + 5*a - 1720 = 0. What are the prime factors of g/12 - (-4)/6?
29
Let d(q) = 8*q**2 + 33*q - 85. List the prime factors of d(-25).
2, 5, 409
Suppose -4*z + 40 = -4*s, -4*z + 2*s + 9 = -23. Suppose 2*r + t = -16, -r - 3*t + z = -4*r. List the prime factors of ((-129)/(-6))/(r/(-12)).
43
Suppose 3*k = -2*f + 17, 10 = 3*k - 3*f - 2*f. Suppose k*o - 64 = -c, c - o = 3*o + 64. List the prime factors of c.
2
Let o = 142 - 101. Suppose -3*z - o - 1 = -j, j = z + 38. Suppose 2*p + 0*p = j. List the prime factors of p.
2, 3
Suppose q - s = 62, -3*q + s = -s - 190. Let x = 151 - q. List the prime factors of x.
5, 17
Let z(n) = -14*n + 33. Let q be z(7). Let i = 90 + q. List the prime factors of i.
5
Let s(j) = j**3 + 10*j**2 + 13*j + 12. Suppose -40 + 8 = 4*d. List the prime factors of s(d).
2, 3
What are the prime factors of -4 + 4 + (2 - -4) - -31?
37
Let u = 41 + -15. Let d = u + -20. Suppose -3*l - d = 0, -l = 4*t - 9*t + 182. List the prime factors of t.
2, 3
Let r = -950 + 484. Let k = r + 660. What are the prime factors of k?
2, 97
Let k be (42/28)/((-3)/4). Let h(b) = b. Let s be h(k). List the prime factors of (-5)/((-10)/(-32))*s.
2
Let m(z) = 171*z + 189. What are the prime factors of m(18)?
3, 11
Let o(v) be the second derivative of v**6/720 + v**4/2 + 6*v. Let h(u) be the third derivative of o(u). List the prime factors of h(11).
11
Suppose -3*z - 3*a + 162 = 0, -2*z + 5*a = z - 170. Let c = z + 8. List the prime factors of c.
3, 7
Suppose 5*j + 23 - 175 = z, -z = -3*j + 92. Let q be 2077/(-11) - j/165. List the prime factors of 3/(3 + q/66).
2, 11
Let d(b) = 2*b**2 - 3*b - 2. Let r = -50 + 56. List the prime factors of d(r).
2, 13
Suppose 2*j - 5*j = 4*u - 652, 2*j + 472 = 3*u. Let l = u + -124. List the prime factors of l.
2, 3
Let v be (-2)/(-5) - 38/(-5). Let g(m) = m**2 - 8*m - 11. Let j be g(10). What are the prime factors of 169/j - v/(-36)?
19
What are the prime factors of 4359/1 + (-29)/((-87)/(-24))?
19, 229
Let b = 166 - -224. List the prime factors of b.
2, 3, 5, 13
Suppose -5*p + 4833 = -4*c, 4*c - 1687 = -3*p + 1232. List the prime factors of p.
3, 17, 19
Suppose 27*r - 32*r + 20 = 0. Suppose -6 = 2*o - r*o. Suppose -o*p - 4*m = -0*p - 48, -3*p + 4*m = -48. What are the prime factors of p?
2
Suppose -3*q - 15 = 0, -208 = -5*z + 3*q + 1587. Suppose 5*r - 538 = -3*y, 2*y + r + r - z = 0. What are the prime factors of y?
2, 11
Let n = -286 - -112. Let d = n + 402. What are the prime factors of d?
2, 3, 19
Let u(h) = 8*h**2 + 12*h + 10. Let x(k) = 9*k**2 + 13*k + 11. Let j(c) = 6*u(c) - 5*x(c). List the prime factors of j(-5).
3, 5
Suppose -4 + 42 = 2*l + a, 5*l + 3*a - 94 = 0. Let x be (16/(-2))/(l/(-10)). Let z = 8 + x. What are the prime factors of z?
2, 3
Suppose 36 = 3*c + 2*p, c = 4*c - 5*p - 36. Let y be -16*(-2)/(c/39). Suppose -4*b - y = -5*w - 0*w, -4*b = -16. What are the prime factors of w?
2, 3
Let x(a) = 10*a**2 - 1. Let o be x(-1). Let c = o + -7. Suppose c*d = 20 + 6. What are the prime factors of d?
13
Suppose -108 = 5*c + a - 732, -626 = -5*c + a. Let y = c + -34. List the prime factors of y.
7, 13
Suppose -65 = 3*l - 80. Suppose 5*b = -10, -5*b - 922 = -4*g - 2*b. Suppose -5*z + 5*j + g = j, 5 = -l*j. What are the prime factors of z?
3, 5
Let q be 5*(-6)/(-15) + 6. Suppose 0 = -2*k + 5*r + 18 - 5, 3*k + 2*r = -28. Let d = q + k. List the prime factors of d.
2
Suppose -4*t + 1093 = -19. What are the prime factors of t?
2, 139
Suppose -3*h = -2*q - 2*q - 403, 3*q - 504 = -4*h. What are the prime factors of h?
3, 43
Suppose -1711 - 197 = -3*i. What are the prime factors of i/(-15)*10/(-4)?
2, 53
Suppose 0 = 4*n - s - 3 + 1, 0 = -n - 2*s + 5. Let o(y) = 95*y**3. List the prime factors of o(n).
5, 19
Suppose 36 = 10*h - h. Suppose 4*i = y + 953, 8*i - h*i = 3*y + 947. What are the prime factors of i?
239
Let y(h) = h**3 + 43*h**2 + 163*h + 77. What are the prime factors of y(-33)?
2, 11, 127
Let o(z) = z**3 - 3*z**2 + 5. Let i(u) = -2*u**3 + 2*u**2 - u - 5. Let q(v) = 2*i(v) + 3*o(v). Let p be q(-4). List the prime factors of (0 + 22)*(p + 4).
2, 11
Let o be 3*-1*(-1)/1. Let g = 1020 + -953. Suppose 0 = 3*n + 5*y - g, 0 = 3*n + o*y - 76 + 13. List the prime factors of n.
19
Let r = -7 + 10. Let b(d) = 3*d**2 + 13*d + 2. Let u(o) = 10*o**2 + 46*o + 7. Let z(p) = 7*b(p) - 2*u(p). What are the prime factors of z(r)?
2, 3
Suppose 0 = -i + 2*i - 2. Let m be 2*4/(-16)*-72. Suppose 0 = 4*c - i*o - 88, m + 31 = 3*c - 2*o. What are the prime factors of c?
3, 7
Let b = 837 - -169. List the prime factors of b.
2, 503
Let o = -384 - -57. Let g = -54 - o. W